2 - 16*i - 9443. What is y(-583)?
-115
Let v(l) = l**3 + 139*l**2 + 186*l - 47775. Calculate v(-135).
15
Let z(o) = o**3 - 20*o**2 - 1045*o + 23586. What is z(23)?
1138
Let p(m) = 89*m**2 - 14284*m - 71446. What is p(-5)?
2199
Let l(r) = 15873*r + 1111126. Determine l(-70).
16
Let o(a) = -1031*a - 77479. Calculate o(-75).
-154
Let u(b) = b**2 + 4916*b + 190198. Calculate u(-39).
-5
Let v(t) = -23883*t - 191069. Give v(-8).
-5
Let p(x) = x**3 + 827*x**2 - 628*x - 1201004. Determine p(-826).
0
Let l(p) = 49750*p + 398170. What is l(-8)?
170
Let v(h) = 131*h**2 + 420*h - 63. What is v(-3)?
-144
Let q(m) = -1465*m - 4960. Give q(-4).
900
Let d(h) = 2*h**3 - 343*h**2 - 1222*h - 733. Calculate d(175).
-208
Let z(x) = -524*x**3 - 29343*x**2 + 54*x - 119. Determine z(-56).
-7
Let m(o) = -3*o**2 + 272*o + 838. Give m(-3).
-5
Let w(x) = 2859*x**2 + 137241*x + 431. Determine w(-48).
-1
Let y(z) = -7*z**2 + 1390*z - 57645. Give y(59).
-2
Let z(x) = -14338*x + 329764. What is z(23)?
-10
Let b(c) = 768*c + 66064. Calculate b(-86).
16
Let f(j) = 4*j**3 + 346*j**2 - 184*j - 40. What is f(-87)?
830
Let p(m) = 28237*m**2 + 395311*m - 92. Calculate p(-14).
6
Let t(u) = 41*u**2 - 21315*u - 2608. Determine t(520).
-8
Let i(y) = -5*y**3 + 489*y**2 + 101*y + 567. Calculate i(98).
861
Let h(y) = y**3 + 199*y**2 + 4970*y + 5099. Determine h(-28).
3
Let q(f) = 3*f**2 + 122993*f - 1107166. Determine q(9).
14
Let d(g) = -9*g**2 + 3108*g - 15800. Calculate d(340).
520
Let m(i) = 1264*i + 972010. Determine m(-769).
-6
Let b(c) = 131*c - 11339. What is b(94)?
975
Let p(a) = 2*a**3 + 205*a**2 + 340*a + 3770. Give p(-101).
33
Let d(t) = -12*t**3 - 7*t**2 - 4655*t + 4661. Determine d(1).
-13
Let k(v) = -43*v**2 + 26*v + 44. Determine k(-3).
-421
Let r(a) = -5624*a + 196853. What is r(35)?
13
Let h(s) = 2*s**3 + 208*s**2 - 849*s + 1825. Give h(-108).
205
Let a(j) = -55152*j - 937576. Calculate a(-17).
8
Let m(u) = u**2 + 8976*u + 852619. Calculate m(-96).
139
Let l(n) = -3*n**3 + 61*n**2 + 45*n + 236. Determine l(12).
4376
Let f(n) = 1870*n - 639. Give f(-1).
-2509
Let a(b) = -19*b**2 + 9235*b + 84652. Calculate a(-9).
-2
Let w(u) = -u**3 + 155*u**2 - 2615*u + 715. What is w(19)?
126
Let k(j) = 5*j**3 + 146*j**2 + 851*j + 28. What is k(-8)?
4
Let y(t) = -36152*t - 108475. Calculate y(-3).
-19
Let i(l) = -l**3 + 4*l**2 + 13572*l - 54295. What is i(4)?
-7
Let h(x) = -2361*x + 21068. Give h(9).
-181
Let i(y) = -496*y + 3792. Calculate i(8).
-176
Let f(x) = x**3 + 12*x**2 - 334*x - 1923. Determine f(-6).
297
Let y(b) = 22*b**2 + 2866*b + 556. What is y(-130)?
-224
Let j(c) = -2*c**2 + 1327*c - 11777. What is j(9)?
4
Let w(o) = 3574*o + 15979. Give w(-4).
1683
Let l(d) = -194*d**3 + 6*d**2 + 82*d - 170. Calculate l(2).
-1534
Let y(j) = -j**2 - 30*j + 144946. Determine y(-396).
10
Let q(u) = -15*u**2 - 3078*u + 433738. Calculate q(96).
10
Let q(y) = 24*y + 11837. Calculate q(-493).
5
Let a(l) = 936*l - 502357. Determine a(537).
275
Let b(l) = -l**3 - 15*l**2 + 21*l + 172. What is b(-16)?
92
Let b(r) = -58213*r + 873217. Give b(15).
22
Let w(c) = c**3 - 80*c**2 + 88*c - 8301. What is w(80)?
-1261
Let a(w) = 18568*w + 55698. Give a(-3).
-6
Let y(r) = 2484*r + 194551. What is y(-78)?
799
Let y(k) = -169*k - 14159. Determine y(-84).
37
Let l(w) = 13016*w - 26067. Calculate l(2).
-35
Let l(t) = 20*t**2 + 2086*t + 705. Calculate l(-104).
81
Let b(s) = -52*s**2 - 374*s + 11. Determine b(-5).
581
Let z(p) = p**3 - 33*p**2 - 56*p + 176. Give z(33).
-1672
Let h(i) = 818*i**2 - 240491*i - 293. Determine h(294).
1
Let u(x) = 35758*x + 500548. Calculate u(-14).
-64
Let b(w) = 2*w**3 + 47*w**2 + 230*w + 170. Calculate b(-17).
17
Let u(o) = 72708*o - 145368. What is u(2)?
48
Let t(k) = -1013*k - 34543. Calculate t(-34).
-101
Let x(g) = 4*g**3 - 301*g**2 + 378*g - 590. Determine x(74).
2
Let s(l) = 3062*l - 122532. Give s(40).
-52
Let c(f) = 8*f + 183. Give c(-7).
127
Let o(h) = 141*h**2 + 7*h - 14. What is o(1)?
134
Let s(u) = 44*u**2 + 313*u + 319. Determine s(-1).
50
Let a(h) = 1669*h + 148503. Give a(-89).
-38
Let t(j) = j**3 + 7*j**2 - 1886*j + 11356. Calculate t(6).
508
Let z(y) = y**3 - 158*y**2 + 2508*y + 1676. Calculate z(140).
-4
Let d(q) = -49*q - 546. Calculate d(-10).
-56
Let m(u) = -9477*u - 578043. Give m(-61).
54
Let p(o) = 138*o**2 - 839*o - 23. Give p(8).
2097
Let i(h) = -h**3 - 78*h**2 - 89*h - 580. What is i(-77)?
344
Let k(v) = -41*v - 8572. Calculate k(-209).
-3
Let d(j) = -j**2 - 7365*j + 125283. Calculate d(17).
-211
Let d(q) = 286*q + 178. Calculate d(0).
178
Let j(i) = -2*i**3 - 9*i**2 - 2767*i - 16710. What is j(-6)?
0
Let y(j) = -11*j**2 + 647*j + 5068. Calculate y(-7).
0
Let d(g) = -g**3 + 205*g**2 + 1041*g - 35. Calculate d(-5).
10
Let r(u) = -46534*u - 5491021. What is r(-118)?
-9
Let z(w) = w**3 - 20*w**2 + 39*w - 802. What is z(21)?
458
Let n(b) = b**2 + 62*b - 13956. Calculate n(93).
459
Let s(w) = -1213*w**3 - 4*w**2 + 5*w - 1. Calculate s(1).
-1213
Let s(v) = -1645*v - 125126. Calculate s(-76).
-106
Let w(s) = s**3 + 15*s**2 + 16*s - 84. Give w(-16).
-596
Let i(x) = 817*x - 128567. Give i(157).
-298
Let o(n) = 2*n**3 + 2*n**2 + 61*n + 189. Determine o(-4).
-151
Let p(b) = 766*b - 4513. Give p(6).
83
Let i(u) = u**3 + 246*u**2 + 5129*u + 1. Calculate i(-223).
1
Let x(n) = 3*n**3 - 39*n**2 + 6*n + 691. Give x(11).
31
Let d(n) = 3*n**3 + 58*n**2 + 277*n + 5170. What is d(-19)?
268
Let i(f) = -2*f**3 - 216*f**2 - 5049*f - 1255. Calculate i(-74).
3
Let a(q) = -9*q**2 - 598*q - 1739. Calculate a(-3).
-26
Let y(g) = 966*g + 15349. What is y(-16)?
-107
Let b(c) = c**3 - 24*c**2 - 10*c + 825. What is b(23)?
66
Let u(n) = 2*n**2 - 311*n - 72159. Determine u(283).
6
Let i(j) = -560*j**3 - 328723*j**2 - 1763*j - 1177. Determine i(-587).
-3
Let k(j) = -5*j**3 + 57*j**2 + 563*j - 6446. Calculate k(11).
-11
Let y(a) = 2286*a - 162326. What is y(71)?
-20
Let k(l) = -l**2 + 14387*l + 418048. Give k(-29).
-16
Let m(z) = -z**3 - 9*z**2 + 22*z + 207. Give m(-7).
-45
Let a(f) = -135*f**3 + 2*f**2 - 8*f + 22. Determine a(-3).
3709
Let f(d) = -49*d**3 + 346*d**2 - 26*d + 16. Determine f(7).
-19
Let o(w) = w**3 - 85*w**2 + 165*w + 114. Determine o(83).
31
Let b(f) = -29965*f - 299763. Calculate b(-10).
-113
Let d(a) = -288994*a + 17628647. What is d(61)?
13
Let i(b) = b**2 + 428*b - 15672. Determine i(34).
36
Let o(v) = -v**3 + 671*v**2 - 9246*v + 31550. What is o(657)?
14
Let v(l) = l**3 - 632*l**2 + 13396*l + 14634. Give v(610).
-6
Let v(c) = c**2 + 71*c + 1290. Determine v(-55).
410
Let x(l) = 220000*l + 7040007. Determine x(-32).
7
Let n(v) = -6*v**2 - 91*v - 38. Calculate n(-15).
-23
Let v(m) = 1374*m - 2149. What is v(5)?
4721
Let y(g) = 12*g**2 + 200*g - 3848. Give y(-28).
-40
Let d(k) = -4*k**3 + 67*k**2 - 84*k - 262. Determine d(15).
53
Let s(d) = -889*d - 224046. Calculate s(-252).
-18
Let k(d) = 490*d + 28592. What is k(-59)?
-318
Let a(d) = -d**2 - 150*d - 4787. Calculate a(-104).
-3
Let j(c) = -2*c**3 - 363*c**2 - 175*c + 2026. What is j(-181)?
940
Let h(j) = 8118*j + 4164542. Give h(-513).
8
Let q(b) = -199636*b - 27949029. Calculate q(-140).
11
Let p(h) = 2543*h - 2459. Give p(1).
84
Let y(g) = -g**3 - 166*g**2 - 942*g + 2876. Give y(-160).
-4
Let t(u) = -u**3 - 15*u**2 - 219*u - 2811. What is t(-15)?
474
Let p(j) = -j**2 - 18202*j + 91029. What is p(5)?
-6
Let t(m) = -35*m**3 + 873*m**2 + 60*m - 274. What is t(25)?
-24
Let f(z) = 4*z**3 + 5*z**2 + 12*z + 29. Give f(-3).
-70
Let i(l) = 27856*l - 1058532. Calculate i(38).
-4
Let g(r) = -2*r**2 - 278*r + 10452. Give g(31).
-88
Let q(w) = -2*w**3 + w**2 + 390*w + 66. Calculate q(14).
234
Let q(s) = s**3 + 222*s**2 + 7833*s + 254. Give q(-178).
76
Let u(x) = -13738*x + 30621997. What is u(2229)?
-5
Let c(t) = -38*t**3 + 1743*t**2 - 1498*t + 394. Calculate c(45).
-191
Let d(u) = -u**2 + 122*u + 10446. Determine d(-58).
6
Let f(y) = -6*y**2 - 5360*y - 21461. Determine f(-4).
-117
Let z(a) = 323160*a - 38779201. Give z(120).
-1
Let z(q) = -2437*q - 43982. Determine z(-18).
-116
Let j(m) = m**3 + 55*m**2 + 903*m + 4464. Determine j(-16).
0
Let d(c) = -2*c**2 + 68912*c + 482483. Give d(-7).
1
Let a(v) = -15*v**3 - 155*v**2 - 349*v + 20. What is a(-7)?
13
Let n(f) = 3*f**3 - 86*f**2 - 100*f - 104. Determine n(30).
496
Let j(v) 